{"id":43,"date":"2024-02-18T20:31:13","date_gmt":"2024-02-18T19:31:13","guid":{"rendered":"https:\/\/mleantipsychologue.fr\/?page_id=43"},"modified":"2024-02-18T20:31:13","modified_gmt":"2024-02-18T19:31:13","slug":"liens-utiles","status":"publish","type":"page","link":"https:\/\/mleantipsychologue.fr\/index.php\/liens-utiles\/","title":{"rendered":"Liens utiles"},"content":{"rendered":"\n<p class=\"has-large-font-size\"><span style=\"text-decoration: underline\"><strong>Livres<\/strong><\/span><\/p>\n\n\n\n<p class=\"has-small-font-size\">Le pi\u00e8ge du bonheur, Harris Russ <\/p>\n\n\n\n<p class=\"has-small-font-size\">Le P\u00e9ch\u00e9 et la Folie: Psychopathologie des 7 p\u00e9ch\u00e9s capitaux, Jean Ad\u00e8s<\/p>\n\n\n\n<p class=\"has-small-font-size\">Syst\u00e8me 1, syst\u00e8me 2 : Les deux vitesses de la pens\u00e9e, Daniel Kahneman <\/p>\n\n\n\n<p class=\"has-small-font-size\">Ma bible des TCC th\u00e9rapies cognitives et comportementales, J\u00e9r\u00f4me Palazzolo<\/p>\n\n\n\n<p class=\"has-small-font-size\">Je r\u00e9invente ma vie,Jeffrey E. Young et Janet S. Klosko<\/p>\n\n\n\n<p class=\"has-small-font-size\">A la rencontre de son b\u00e9b\u00e9 int\u00e9rieur, Joanna Smith <\/p>\n\n\n\n<p class=\"has-small-font-size\">D\u00e9passer le pass\u00e9: Se lib\u00e9rer des souvenirs traumatisants avec l&rsquo;EMDR, Francine Shapiro <\/p>\n\n\n\n<p class=\"has-small-font-size\">Le corps n&rsquo;oublie rien, Bessel A. Van der kolk<\/p>\n\n\n\n<p class=\"has-small-font-size\">Les maladies ne tombent peut-\u00eatre pas du ciel : Comment les \u00e9v\u00e9nements n\u00e9gatifs ont un impact sur notre sant\u00e9, Cyril Tarquinio<\/p>\n\n\n\n<p class=\"has-small-font-size\">Des yeux pour gu\u00e9rir: EMDR : la th\u00e9rapie pour surmonter l&rsquo;angoisse, le stress et les traumatismes, Francine Shapiro<\/p>\n\n\n\n<p class=\"has-small-font-size\">Le Trauma, quelle chose \u00e9trange, Steve Haines<\/p>\n\n\n\n<p class=\"has-small-font-size\">Se relever d&rsquo;un traumatisme, Pascale Brillon<\/p>\n\n\n\n<p class=\"has-small-font-size\">Quand la mort est traumatique, Pascale Brillon<\/p>\n\n\n\n<p class=\"has-large-font-size\"><strong><span style=\"text-decoration: underline\">Podcasts<\/span> <\/strong><\/p>\n\n\n\n<p class=\"has-small-font-size\">AFTD (association francophone du trauma et de la dissociation) : <a href=\"https:\/\/www.aftd.eu\/page\/2145561-podcasts \">https:\/\/www.aftd.eu\/page\/2145561-podcasts <\/a> <\/p>\n\n\n\n<p class=\"has-small-font-size\">Les 7 p\u00e9ch\u00e9s capitaux , des psychopathologies ? (France Inter) : <a href=\"https:\/\/www.radiofrance.fr\/franceinter\/podcasts\/la-tete-au-carre\/les-7-peches-capitaux-des-psychopathologies-8788713\">https:\/\/www.radiofrance.fr\/franceinter\/podcasts\/la-tete-au-carre\/les-7-peches-capitaux-des-psychopathologies-8788713<\/a> <\/p>\n\n\n\n<p class=\"has-small-font-size\">L\u2019\u00e9nergie de la col\u00e8re : comment trouver la force de rester calme ? (France Inter) : <a href=\"https:\/\/www.radiofrance.fr\/franceinter\/podcasts\/la-chronique-de-christophe-andre\/la-chronique-de-christophe-andre-du-mardi-15-juin-2021-8710871\">https:\/\/www.radiofrance.fr\/franceinter\/podcasts\/la-chronique-de-christophe-andre\/la-chronique-de-christophe-andre-du-mardi-15-juin-2021-8710871<\/a><\/p>\n\n\n\n<p class=\"has-small-font-size\">Anorexie, boulimie&nbsp;: les troubles du comportement alimentaire (France Inter) : <a href=\"https:\/\/www.radiofrance.fr\/franceinter\/podcasts\/le-telephone-sonne\/le-telephone-sonne-du-vendredi-02-juin-2023-8370664\">https:\/\/www.radiofrance.fr\/franceinter\/podcasts\/le-telephone-sonne\/le-telephone-sonne-du-vendredi-02-juin-2023-8370664<\/a><br><\/p>\n\n\n\n<p class=\"has-large-font-size\"><strong><span style=\"text-decoration: underline\">Cha\u00eenes Youtube <\/span><\/strong><\/p>\n\n\n\n<p class=\"has-small-font-size\">Cha\u00eene de l&rsquo;AFTCC (association fran\u00e7aise des TCC) : <a href=\"https:\/\/www.youtube.com\/@aftccpsycho-comportemental3512\/videos \">https:\/\/www.youtube.com\/@aftccpsycho-comportemental3512\/videos <\/a><\/p>\n\n\n\n<p class=\"has-small-font-size\">Cha\u00eene la Psychiatrie du soleil : <a href=\"https:\/\/www.youtube.com\/@LaPsychiatrieduSoleil\">https:\/\/www.youtube.com\/@LaPsychiatrieduSoleil<\/a><\/p>\n\n\n\n<p class=\"has-small-font-size\">Cha\u00eene TCC Montreal : <a href=\"https:\/\/www.youtube.com\/@tccmontreal7554\/videos\">https:\/\/www.youtube.com\/@tccmontreal7554\/videos<\/a><\/p>\n\n\n\n<p class=\"has-small-font-size\">Cha\u00eene du Dr Guillaume FOND (psychiatre enseignant chercheur auteur et conf\u00e9rencier) : <a href=\"https:\/\/www.youtube.com\/@GuillaumeFond\/videos\">https:\/\/www.youtube.com\/@GuillaumeFond\/videos<\/a><br><\/p>\n\n\n\n<p class=\"has-large-font-size\"><strong><span style=\"text-decoration: underline\">Sites internet <\/span><\/strong><\/p>\n\n\n\n<p class=\"has-small-font-size\">Trauma Aid France (EMDR) : <a href=\"https:\/\/www.trauma-aid-france.org\/page\/866956-l-association\">https:\/\/www.trauma-aid-france.org\/page\/866956-l-association<\/a><\/p>\n\n\n\n<p class=\"has-small-font-size\">Dep&rsquo;agir (vient en aide aux personnes confront\u00e9es \u00e0 la d\u00e9pression) : <a href=\"http:\/\/fr.ap-hm.fr\/vie-a-l-hopital\/les-associations\/depagir \">http:\/\/fr.ap-hm.fr\/vie-a-l-hopital\/les-associations\/depagir <\/a><\/p>\n\n\n\n<p class=\"has-small-font-size\">Rehab Sud (groupes et ateliers gratuits) : <a href=\"http:\/\/fr.ap-hm.fr\/site\/rehab-sud\/groupes-et-ateliers\/groupes-service-lancon \">http:\/\/fr.ap-hm.fr\/site\/rehab-sud\/groupes-et-ateliers\/groupes-service-lancon <\/a><\/p>\n\n\n\n<p class=\"has-small-font-size\">TCC Montreal : <a href=\"https:\/\/tccmontreal.com\/\">https:\/\/tccmontreal.com\/<\/a><\/p>\n\n\n\n<p class=\"has-small-font-size\">Apprendre les TCC : <a href=\"https:\/\/tcc.apprendre-la-psychologie.fr\/\">https:\/\/tcc.apprendre-la-psychologie.fr\/<\/a><\/p>\n\n\n\n<p class=\"has-small-font-size\">IFEMDR (Institut fran\u00e7ais d&rsquo;EMDR) : <a href=\"https:\/\/www.ifemdr.fr\/\">https:\/\/www.ifemdr.fr\/<\/a><\/p>\n\n\n\n<p class=\"has-large-font-size\"><br><strong><span style=\"text-decoration: underline\">Filmographie<\/span><\/strong><\/p>\n\n\n\n<p class=\"has-small-font-size\">Mon roi, Ma\u00efwenn, 2015 : relation d&#8217;emprise<\/p>\n\n\n\n<p class=\"has-small-font-size\">Le bal des folles, M\u00e9lanie Laurent, 2021 : hospitalisation de force \u00e0 l&rsquo;h\u00f4pital de la Salp\u00eatri\u00e8re o\u00f9 exer\u00e7ait le docteur Jean-Martin Charcot<\/p>\n\n\n\n<p class=\"has-small-font-size\">Requiem for a Dream, Darren Aronofsky, 2000 : addictions<\/p>\n\n\n\n<p class=\"has-small-font-size\">D\u00e9dales,  Bogdan George Apetri, 2021 : trouble dissociatif de l&rsquo;identit\u00e9 (TDI), psychotraumatisme<\/p>\n\n\n\n<p class=\"has-small-font-size\">Un Homme d&rsquo;exception, Ron Howard&nbsp;, 2001 : schizophr\u00e9nie parano\u00efaque<\/p>\n\n\n\n<p class=\"has-small-font-size\">Trouble Jeu, John Polson, 2005 : TDI<\/p>\n\n\n\n<p class=\"has-small-font-size\">Mommy, Xavier Dolan, 2014 : TDA-H, trouble de l&rsquo;humeur, comportement agressif<\/p>\n\n\n\n<p class=\"has-small-font-size\">To the bone, Marti Noxon, 2017 : trouble alimentaire<\/p>\n\n\n\n<p class=\"has-small-font-size\">Shine, Scott Hicks, 1996 : d\u00e9compensation psychique<\/p>\n\n\n\n<p class=\"has-small-font-size\">Voyage au bout de l&rsquo;enfer, Michael Cimino, 1978 : trouble de stress post-traumatique (v\u00e9t\u00e9rans) <\/p>\n\n\n\n<p class=\"has-small-font-size\">Quoi de neuf, Bob ?,Frank Oz, 1991 : trouble obsessionnel compulsif (TOC)<\/p>\n\n\n\n<p class=\"has-small-font-size\">The Hours, Stephen Daldry, 2002 : suicide, maladie mentale, d\u00e9pression<\/p>\n\n\n\n<p class=\"has-small-font-size\">Split, M. Night Shyamalan, 2016 : trouble de la personnalit\u00e9 multiple <\/p>\n\n\n\n<p class=\"has-small-font-size\">Une vie vol\u00e9e,  James Mangold, 1999 : hospitalisation en service psychiatrique <\/p>\n\n\n\n<p class=\"has-small-font-size\">Rain Man,Barry Levinson, 1988 : trouble du spectre de l&rsquo;autisme (TSA)<\/p>\n\n\n\n<p class=\"has-small-font-size\">My beautiful bot, Felix Van Groeningen, 2019 : addiction <\/p>\n\n\n\n<p class=\"has-large-font-size\"><strong><span style=\"text-decoration: underline\">S\u00e9ries <\/span><\/strong><\/p>\n\n\n\n<p class=\"has-small-font-size\">Atypical, 2017 (Netflix) : TSA<\/p>\n\n\n\n<p class=\"has-small-font-size\">En th\u00e9rapie, 2021 (Mycanal ou Arte.TV) : consultations dans le cabinet d&rsquo;un psychologue <\/p>\n\n\n\n<p class=\"has-small-font-size\">Mental, 2019 (France.TV) : clinique p\u00e9dopsychiatrique<\/p>\n\n\n\n<p class=\"has-small-font-size\">Unbelievable, 2019 (Netflix) : traumatisme  <\/p>\n\n\n\n<p class=\"has-large-font-size\"><strong><span style=\"text-decoration: underline\">Documentaires<\/span><\/strong> <\/p>\n\n\n\n<p class=\"has-small-font-size\">12 jours, Raymond Depardon, 2017 (Mycanal ou Arte.TV) : patients intern\u00e9s de force qui passent devant un juge d\u00e9cidant de l&rsquo;arr\u00eat\/prolongation de l&rsquo;hospitalisation <\/p>\n\n\n\n<p class=\"has-small-font-size\">A la folie, Wang Bing, 2015 (Arte.TV) : h\u00f4pital psychiatrique du Sud-Ouest de la Chine <\/p>\n\n\n\n<p class=\"has-small-font-size\">Valvert, Val\u00e9rie Mr\u00e9jen, 2008 : h\u00f4pital psychiatrique de Marseille dans les <\/p>\n","protected":false},"excerpt":{"rendered":"<p>Livres Le pi\u00e8ge du bonheur, Harris Russ Le P\u00e9ch\u00e9 et la Folie: Psychopathologie des 7 p\u00e9ch\u00e9s capitaux, Jean Ad\u00e8s Syst\u00e8me 1, syst\u00e8me 2 : Les deux vitesses de la pens\u00e9e, Daniel Kahneman Ma bible des TCC th\u00e9rapies cognitives et comportementales, J\u00e9r\u00f4me Palazzolo Je r\u00e9invente ma vie,Jeffrey E. Young et Janet S. Klosko A la rencontre [&hellip;]<\/p>\n","protected":false},"author":1,"featured_media":0,"parent":0,"menu_order":0,"comment_status":"closed","ping_status":"closed","template":"","meta":{"om_disable_all_campaigns":false,"_uag_custom_page_level_css":"","_monsterinsights_skip_tracking":false,"_monsterinsights_sitenote_active":false,"_monsterinsights_sitenote_note":"","_monsterinsights_sitenote_category":0,"_themeisle_gutenberg_block_has_review":false,"footnotes":""},"class_list":["post-43","page","type-page","status-publish","hentry"],"aioseo_notices":[],"uagb_featured_image_src":{"full":false,"thumbnail":false,"medium":false,"medium_large":false,"large":false,"1536x1536":false,"2048x2048":false},"uagb_author_info":{"display_name":"m.leanti","author_link":"https:\/\/mleantipsychologue.fr\/index.php\/author\/m-leanti\/"},"uagb_comment_info":0,"uagb_excerpt":"Livres Le pi\u00e8ge du bonheur, Harris Russ Le P\u00e9ch\u00e9 et la Folie: Psychopathologie des 7 p\u00e9ch\u00e9s capitaux, Jean Ad\u00e8s Syst\u00e8me 1, syst\u00e8me 2 : Les deux vitesses de la pens\u00e9e, Daniel Kahneman Ma bible des TCC th\u00e9rapies cognitives et comportementales, J\u00e9r\u00f4me Palazzolo Je r\u00e9invente ma vie,Jeffrey E. Young et Janet S. Klosko A la rencontre\u2026","_links":{"self":[{"href":"https:\/\/mleantipsychologue.fr\/index.php\/wp-json\/wp\/v2\/pages\/43","targetHints":{"allow":["GET"]}}],"collection":[{"href":"https:\/\/mleantipsychologue.fr\/index.php\/wp-json\/wp\/v2\/pages"}],"about":[{"href":"https:\/\/mleantipsychologue.fr\/index.php\/wp-json\/wp\/v2\/types\/page"}],"author":[{"embeddable":true,"href":"https:\/\/mleantipsychologue.fr\/index.php\/wp-json\/wp\/v2\/users\/1"}],"replies":[{"embeddable":true,"href":"https:\/\/mleantipsychologue.fr\/index.php\/wp-json\/wp\/v2\/comments?post=43"}],"version-history":[{"count":1,"href":"https:\/\/mleantipsychologue.fr\/index.php\/wp-json\/wp\/v2\/pages\/43\/revisions"}],"predecessor-version":[{"id":45,"href":"https:\/\/mleantipsychologue.fr\/index.php\/wp-json\/wp\/v2\/pages\/43\/revisions\/45"}],"wp:attachment":[{"href":"https:\/\/mleantipsychologue.fr\/index.php\/wp-json\/wp\/v2\/media?parent=43"}],"curies":[{"name":"wp","href":"https:\/\/api.w.org\/{rel}","templated":true}]}}